 Let l(r) = 8*g(r) - 3*o(r). Suppose -2*i = -0*i - 8. What is the units digit of l(i)?
1
Let p(m) = m**2 - m + 7. Let q be (0 + (0 - 0))/(-1). Let a be p(q). Suppose -2*w = 3*y - 15, -2*w - 5*y = -a*w. What is the units digit of w?
3
Suppose -4*z - 42 = -2*b - 5*z, -5*b + 75 = -5*z. Let w be b*(-2)/1 - -1. What is the units digit of w/(-2) + 3/6?
9
Suppose -3*z = 2*z + 2*g - 1652, -4*z = -g - 1319. What is the units digit of z?
0
Let l(x) = x**3 - 12*x**2 + 2*x + 8. Let c be l(10). Let f = 284 + c. Suppose -5*p = 4*j - 182 - f, -p = -4*j + 282. What is the tens digit of j?
7
Suppose 293 = 4*f - 355. Suppose d + 3*q = q + 61, -2*d + f = -4*q. What is the units digit of d?
1
What is the hundreds digit of 32/(-192) + 19189/6?
1
Let a(z) = 8*z**2 - 19*z - 14. Let w be a(9). Let h = w + -184. What is the tens digit of h?
7
Suppose -80 = 3*x + u, 0 = -2*x - u - 47 - 7. Let a = -25 - -10. Let p = a - x. What is the tens digit of p?
1
Let x(c) = c**2 + 6*c + 481. Let m be x(0). Suppose -m = -2*p - 5*y, 2*y + 290 = p + 45. What is the units digit of p?
3
Let z = 1998 - 300. What is the thousands digit of z?
1
Suppose 20*s = 37*s - 4794. What is the tens digit of s?
8
Let c be 1/(-3)*(12/(-6) + 293). Let g = c + 167. What is the units digit of g?
0
What is the tens digit of 85624/21 + 5 + 26/(-6)?
7
Let h(m) be the first derivative of m**5/30 - 5*m**4/24 + m**3 + 2. Let f(q) be the third derivative of h(q). What is the units digit of f(11)?
9
Suppose -r - 2*l + 1 = 2*l, 0 = -4*r - 4*l + 4. Let f be r/(-3) + 125/15. What is the units digit of 9*1 - f/8?
8
Let t = -25 + 38. Let m(b) = b - 4. Let z be m(t). What is the tens digit of 1*(z - (-2 + -1))?
1
Let t(r) = 8*r + 13. Let a(c) = 15*c + 26. Let d(z) = -3*a(z) + 5*t(z). What is the tens digit of d(-10)?
3
Suppose -3*d + 5576 = 5*b, 0 = b + 3*d - 300 - 808. What is the hundreds digit of b?
1
Let j(t) = -192*t - 395. What is the tens digit of j(-13)?
0
Let k(m) = m - 6. Let g be k(5). Let f = 60 - 54. Let w = f + g. What is the units digit of w?
5
Suppose -295 = -14*v + 9*v. Suppose 0 = -w - 2*s + v, 2*w + 0*w = -5*s + 117. What is the tens digit of w?
6
Let s be (-27)/(3/(-9)*-3). Let q = 31 + s. What is the units digit of q?
4
Let u(h) = -h**3 - 10*h**2 - 17*h + 19. Let w be u(-8). What is the units digit of ((-150)/(-5))/(-3 - (-84)/w)?
0
Let h = -1138 + 2091. What is the units digit of h?
3
Let f = 69 - 66. Suppose -11 = 4*n + w, w + 13 = -5*n - 0*w. Let p = n + f. What is the units digit of p?
1
Suppose 34*g - 28*g - 7908 = 0. What is the thousands digit of g?
1
Let n(v) = v**3 + 20*v**2 + 20*v + 20. Let p be n(-19). What is the hundreds digit of (0 - 2)*(p + -94) - -2?
1
Let d = -98 - -186. Let p = d + -20. What is the units digit of p?
8
Suppose -3*b = -2*b + 4. Let h = b + 7. Suppose -h*w - w + 108 = 0. What is the units digit of w?
7
Let q = 332 + 26. What is the tens digit of q?
5
Suppose 4*i - 500 = -i. Suppose -5*u = -4*x - 85 - i, x = 4*u - 137. What is the tens digit of u?
3
Let u be (-30)/18 - 4/(-6). Let p be (1/2*0)/u. Suppose p = 4*t + t - 105. What is the units digit of t?
1
Suppose -4*c - 86*s + 15760 = -82*s, 0 = -5*c - 4*s + 19705. What is the units digit of c?
5
Let b(l) = -2*l**2 + 5*l + 7. Let t be b(7). Suppose -3*o - 65 - 25 = 0. Let u = o - t. What is the units digit of u?
6
Let j(u) = 5*u - 18. Let g be j(8). Suppose -3*y + h = -14, 4*y - y + h = g. Let m(w) = w**3 - 6*w**2 + 11. What is the tens digit of m(y)?
1
What is the tens digit of -5 - (-3470 + (-40)/4)?
7
Suppose -2*n = c + 555, 0 = 2*c - 3*c + 5. Let d = -109 - n. What is the tens digit of d?
7
Suppose -6 - 4 = 5*d. Let i(u) = -2*u**3 - 4*u**3 + 3*u**3 + 1 - 3*u**2. What is the units digit of i(d)?
3
Let b = -56 - -32. Suppose 22 = -g - 5*t, 0 = 2*g + t + 11 + 69. Let o = b - g. What is the units digit of o?
8
Suppose 0 = 3*v + 2*j - 716, -5*j - 751 = -9*v + 6*v. What is the units digit of v?
2
Suppose -6*b + 8*b - 20 = 0. Let u be (48/40)/(3/b). Suppose 9 = -3*f, u = -3*c + 5*f + 34. What is the units digit of c?
5
Let p = 1 + 2. Suppose w - 28 = -2*y, -p*w + w + 64 = 2*y. What is the units digit of w?
6
What is the units digit of 3 - 5 - 1 - -1*929?
6
Suppose 11 = g + 5*q, -5*g + 29 = q - 2*q. Let t = -2 + g. Suppose -4*i = -r + 12, -t*r + 5*i + 36 = -r. What is the units digit of r?
2
Let t(r) be the second derivative of -r**4/12 - 5*r**3/6 - 5*r**2/2 - 8*r. Let n be t(-9). What is the units digit of -3 + -1 - n - 2?
5
What is the tens digit of 630 + (-11 - -6) + 3?
2
Suppose -1075 + 123 = -3*x - 5*l, -2*l + 318 = x. What is the units digit of x?
4
Let r(v) = 4*v**2. Let f be r(1). Suppose -5*w - 605 = -5*j, j = -f*j + 4*w + 602. What is the tens digit of j?
1
Let g = 30 + 15. Suppose -g*l + 44*l = -122. What is the units digit of l?
2
Let w be (7 + 1224/16)/(2/(-8)). Let t = w + 485. What is the units digit of t?
1
Suppose 0 = 2*b + 3*b + 5, -4*r - b - 349 = 0. Let a = -52 - r. Suppose 0 = 4*n - 69 - a. What is the tens digit of n?
2
Let t(o) = o**2 + o - 3. Let b(j) = -j + 4. Suppose 4*a - x - 1 = 5*a, -4*a - 5*x = 5. Let m be b(a). What is the tens digit of t(m)?
1
Let b be ((-586)/3)/(8/(-12)). Suppose 2*r - b = -57. What is the hundreds digit of r?
1
Let r be 2 - 17*8/4. Let a = 22 + r. What is the units digit of 52/14 + a/(-35)?
4
Suppose 0 = 2*r - 283 - 227. What is the units digit of ((-5)/15)/((-1)/r)?
5
Let h(q) = -q - 2. Let d(c) = -3*c - 3. Let n be d(-2). Let v(k) = -2*k**2 + 4*k. Let l be v(n). What is the units digit of h(l)?
4
Let m = -438 - -997. What is the tens digit of m?
5
Let i = 149 + -36. Let c = i + -54. What is the tens digit of c?
5
Let h be (-9)/36 + 37/4. What is the units digit of 234/h + 4/1?
0
Let k(t) = 23*t - 42. Let d = -34 + 42. What is the tens digit of k(d)?
4
Let s be 78*(-2)/12*-4. Suppose -f = -v - 3, 3*f + f + 4*v - 20 = 0. Suppose 0*t - f*t = -s. What is the tens digit of t?
1
Let t be ((-4)/(-2))/(8/(-48)). Let k = 53 + t. What is the units digit of k?
1
Let f = 338 - 114. Suppose 7*g - f - 273 = 0. What is the tens digit of g?
7
Suppose -3*g - 1 = -52. Suppose -107 = -2*i - 83. Suppose -i*a - 190 = -g*a. What is the units digit of a?
8
Let r(m) = m**3 + 6*m**2 + m - 3. Let l be r(-6). Let a = l + 14. Suppose -48 = -6*v + a*v. What is the tens digit of v?
4
Let p(t) = -9*t**2 + 4*t**2 + 2*t**2 - 17*t + 7. Let b(d) = -d**2 - 6*d + 2. Let u(c) = 11*b(c) - 4*p(c). What is the tens digit of u(-6)?
1
Suppose -1680 = 17*z - 20*z. What is the units digit of z?
0
Suppose 2700 = 2*y - 5*a, -y - 2*a - 4050 = -4*y. What is the hundreds digit of y?
3
Let b be -1*3/((-9)/348). Suppose 4*f + 268 = -4*o, -f + 4*o + 34 - b = 0. What is the units digit of f/(-4) - 3/(-6)?
8
Suppose -4*c - 12 = -c. What is the units digit of (-875)/c + 1/4?
9
Let o be (18/(-12))/((-3)/(-528)). Let k = o + 179. What is the tens digit of 2 + (-5)/(25/k)?
1
Let j(u) = -u**3 + 11*u**2 - 9*u + 6. Let c be j(10). Suppose -12*p = -c*p + 384. What is the tens digit of p?
9
What is the tens digit of (-6)/(-36)*-2*(1 - 3688)?
2
Let o = 73 + -47. Let x be (1/1)/(2/(-16)). Let t = x + o. What is the tens digit of t?
1
Suppose 0 = 13*k - 22 - 43. Suppose -202 = -2*b - 2*o - 2*o, 5*b - 515 = -k*o. What is the tens digit of b?
0
Let d = 4669 + -2671. What is the thousands digit of d?
1
Let q = -415 + 608. What is the hundreds digit of q?
1
Suppose -9*h - 786 = -2*b - 4*h, -2*b = 2*h - 800. What is the hundreds digit of b?
3
What is the tens digit of 20344/30 - (-2)/(-15)?
7
Let w = -451 - -457. What is the units digit of w?
6
Let g = 13 - 48. Suppose 101 - 24 = w. Let q = g + w. What is the tens digit of q?
4
Suppose -3*o - 17269 = -5*i, o = 4*i + 3*o - 13802. What is the units digit of i?
2
What is the hundreds digit of 470 + (-6 - (-21)/3)?
4
Let f(t) = -33*t + 623. What is the units digit of f(-34)?
5
Let q(v) = -2*v - 6. Let p be q(-6). Let l be ((-170)/(-12)*-4)/(28/(-84)). Suppose -10 = -p*d + l. What is the units digit of d?
0
Let m = 1371 - 477. What is the tens digit of m?
9
Let j(n) = 7 + 2*n**2 - n**2 - 5 + 3*n. Let u be j(-3). What is the tens digit of 270/25 - u/(-10)?
1
Let k(b) = -b**3 - 9*b**2 - 5*b + 3. Let h be k(-8). Let d = h + 27. What is the units digit of d?
6
Suppose -3*i - 70 = -3*j + i, 2